5. What is the greatest common divisor of z and f?
14
Let p(l) = -3*l**3 - 2*l**2 - l - 1. Let j be p(-2). Suppose -6*n + n + 595 = 0. What is the greatest common divisor of n and j?
17
Let y be 1 + 1 + -1 + 2. Let j be 3*y*(-2)/(-18). Calculate the highest common factor of 1 and j.
1
Suppose -3*g = -i - 59, 5*i - 11 = -g - g. What is the greatest common divisor of g and 45?
9
Let c(r) = r - 5. Let h be c(10). Let o = 8 - h. Suppose 5*q = 2*v - 43, 0*v - 75 = -o*v - 3*q. Calculate the greatest common factor of 36 and v.
12
Suppose -5*l + 103 = z, -4*l + 4*z + 71 = -l. What is the greatest common factor of l and 14?
7
Suppose -16 = 2*h - 4*u, -5*u - 2 = -4*h - 19. Suppose h*s = 1167 - 211. Suppose -82 = 4*n - s. Calculate the highest common divisor of 9 and n.
9
Let n(a) = 10*a**2 - 4*a + 2. Let h be n(2). Let l = h + -13. Calculate the highest common divisor of l and 147.
21
Suppose 0 = 3*b - 1 - 8. Let j = 6 + b. What is the highest common factor of 27 and j?
9
Let j = -21 - -33. What is the highest common factor of j and 8?
4
Suppose c + 0*c - 12 = 0. Suppose 3 = 5*v + 3*o - 57, o + 36 = 3*v. What is the highest common divisor of c and v?
12
Let o be (6/(-4))/((-6)/64). What is the greatest common factor of o and 40?
8
Suppose n = -4*n + 250. Suppose c + 5 = -5*j, c + 4*j = -3*c + 60. What is the highest common divisor of n and c?
10
Suppose 2*a - 23 = 3*v, -5*a + 19 = 4*v + 42. Let b(l) = -21*l - 2. Let j be b(v). Calculate the greatest common divisor of j and 58.
29
Suppose -t + 2*y + 105 = -3*y, 0 = -4*t + 5*y + 465. What is the greatest common divisor of 15 and t?
15
Let h be (-3)/(-3) - (-1)/(-1). Let i be 154 - 1/2*h. What is the highest common divisor of i and 14?
14
Let w be (-13 + -11)*2/(-3). What is the greatest common factor of w and 32?
16
Let o(j) = 1. Let g(x) = -x**3 + 3*x**2 + 6*x + 10. Let i(u) = -g(u) + 4*o(u). Let k be i(6). Calculate the highest common factor of 22 and k.
22
Suppose h = -4*s + 4*h + 62, -2*s + h + 30 = 0. Let y = 1 - 4. Let q be (-21)/(-9) - y/(-9). Calculate the greatest common factor of q and s.
2
Let z(c) = -c**2 - 3*c - 3. Let f be z(-2). Let y be 21 - (4/(-2) + f). Calculate the highest common factor of y and 16.
8
Suppose c - 12 = -c. Let a = c + -25. Let t be (a/(-4))/(5/20). What is the highest common factor of 38 and t?
19
Suppose -4*x - 1 = -9. Suppose 0*c - 4*c = -3*u - 23, u = -c - 3. Let w be ((-8)/(-20))/(c/30). What is the highest common divisor of w and x?
2
Suppose -4 = v, 2*v = d - 3*v - 22. Calculate the greatest common factor of d and 14.
2
Let n(d) = 2*d**3 + 23*d**2 + 8*d - 23. Let w be n(-11). What is the highest common divisor of w and 2?
2
Suppose -15 = -4*v + 1. Suppose -p = 1 - v. What is the highest common factor of p and 1?
1
Let m(c) = -c**3 - 7*c**2 + c - 6. Let f = -1 - 7. Let b be m(f). Calculate the greatest common factor of b and 10.
10
Suppose 7 = 4*w + z - 9, 12 = 4*w + 2*z. Calculate the greatest common divisor of 1 and w.
1
Let i = 1 - 1. Let d be 9/6 - (-105)/10. Suppose -t = -i*t - d. Calculate the greatest common divisor of 48 and t.
12
Let u = -51 + 99. What is the highest common factor of 72 and u?
24
Suppose -168 = -3*s - s. What is the greatest common factor of 28 and s?
14
Let p be (0/(-1))/(1 + -3). Let u be (p + 3/9)*12. Calculate the greatest common factor of u and 12.
4
Let w be -4*(200/5)/(-4). Calculate the greatest common divisor of w and 5.
5
Let h be 176/10 + (-18)/(-45). Suppose -g - 271 = -3*p, -4*p = -0*g + 4*g - 356. What is the highest common divisor of h and p?
18
Let i = 90 + -84. What is the highest common divisor of i and 42?
6
Let z = 10 + -7. Suppose z*f - 6 = f. Suppose -5*l = -4*g - 76, -3*l + f*g + 46 = g. Calculate the greatest common factor of 64 and l.
16
Let f = 6 + -6. Suppose -4*r - 52 = -f*r. Let i = r - -33. What is the highest common divisor of 180 and i?
20
Let s be 15 - 4/(7 + -3). Calculate the highest common factor of 2 and s.
2
Let s = -21 - -26. Suppose -133 = -j - s*x, 0 = 3*j - 5*x - 236 - 203. Suppose -42 = -5*k + 23. What is the greatest common factor of k and j?
13
Suppose 3*v = 6*v - 15. What is the greatest common factor of v and 45?
5
Let u(t) = 3*t + 30. Let c be u(0). What is the greatest common divisor of 330 and c?
30
Suppose 2*b - 24 = -2*z, 5*z + 18 = -3*b + 4*b. Calculate the greatest common divisor of 143 and b.
13
Suppose -4*m = -2*m - 88. Let g be 4/(-18) + 7/(63/992). What is the highest common divisor of m and g?
22
Let p be (3/(-6))/(2/(-8)). Let n = 0 + p. Suppose -2*g - 5 = m + n*g, -4*m + 5*g = -85. What is the greatest common factor of 15 and m?
15
Let t = 32 + -13. Let z(i) = i**2. Let d(j) = -52*j**2 - 2*j + 1. Let f(s) = -d(s) + 4*z(s). Let b be f(1). What is the highest common divisor of b and t?
19
Let r(n) = -2*n**2 + 4*n - 2. Let l be r(2). Let s(o) = 18*o**2. Let c be s(l). What is the greatest common factor of c and 8?
8
Suppose 21*l - 18*l = 18. What is the greatest common divisor of l and 30?
6
Let s(u) = u - 9. Let f be s(12). Suppose f*w - 401 = 127. What is the greatest common divisor of 16 and w?
16
Let h be (-2)/(-7) - (-412)/28. Suppose -12*y + 1155 = -5*y. Calculate the highest common divisor of h and y.
15
Let k be 2/(-7) + 18/14. Let i be 10*1/2*k. What is the greatest common divisor of i and 45?
5
Let q = 4 + -3. Let x = q + 3. Let v be 189/12 - (-1)/x. Calculate the greatest common factor of v and 40.
8
Suppose -23 = c - 36. Calculate the greatest common factor of 65 and c.
13
Suppose -5*z + 17 + 18 = 0. Let s = 3 - 2. Let w be s*(2 - (2 - 63)). Calculate the highest common divisor of w and z.
7
Let q = 38 + -20. Calculate the highest common divisor of q and 9.
9
Suppose 0 = -2*k + 5*n - 19, 2*k + 4*n - 27 + 1 = 0. What is the greatest common divisor of k and 12?
3
Let u = 410 + -131. Suppose 58 + 97 = 5*z. What is the greatest common factor of z and u?
31
Let y(n) = n**3 - 6*n**2 + 2*n - 3. Let d be y(6). Let l be (0 + (-90)/(-4))*2. Calculate the greatest common divisor of l and d.
9
Suppose 0 = 3*j + 8 - 23. Suppose -161 = -2*f + 3*u, 0*u = j*f - 2*u - 386. What is the highest common divisor of f and 19?
19
Let o be (-76)/(-12) - 3/9. Let t be (-1 - -3 - 5)/(-1). Let c be (-44)/t*9/(-2). What is the greatest common divisor of o and c?
6
Suppose 130 = 18*d - 5*d. What is the greatest common factor of d and 90?
10
Suppose -3*j + 4*s = 3, 2*j + j - 21 = -4*s. What is the highest common divisor of 12 and j?
3
Suppose 5*m + 305 = -5*d, 0*d - 4*d = 12. Let w = m + 166. What is the greatest common divisor of w and 12?
12
Suppose -3*u = 2*u. Suppose u*x = -2*x + 120. Let t be x/14*-3*-7. Calculate the highest common divisor of t and 10.
10
Let l be (-60)/(-18)*54/4. What is the highest common factor of l and 5?
5
Let r(z) = z**3 + 4*z**2 - 4*z + 1. Let w(t) = 3*t - 3. Let u be w(0). Let y be r(u). What is the highest common factor of y and 22?
22
Let n(a) = -a**2 - 8*a + 4. Let k(t) = 2*t**2 + 15*t - 8. Let f(j) = -3*k(j) - 5*n(j). Let s be f(-5). What is the greatest common factor of 10 and s?
2
Suppose 0 = -13*q + 119 + 89. Calculate the greatest common divisor of 8 and q.
8
Let b = 34 + -14. Calculate the highest common divisor of b and 4.
4
Let g be (-15)/(-10)*56/6. Let a(w) = w**3 - 4*w**2 - 2*w + 3. Let i be a(5). Let b be (-6)/(-27) + 248/i. Calculate the greatest common divisor of g and b.
14
Let u(c) = c**3 + 14*c**2 + 13*c + 11. Let r be u(-13). Calculate the greatest common factor of r and 121.
11
Let t = -8 - -6. Let a = t - -2. Suppose 2*j - 5*u + a*u - 285 = 0, -5*j - 5*u = -660. Calculate the greatest common divisor of j and 15.
15
Suppose 11 = 2*n + w, -3*n = 3*w - 5 - 4. Calculate the greatest common factor of n and 20.
4
Let m(s) be the second derivative of 31*s**4/12 - s**3/6 + 4*s. Let i be m(1). Calculate the greatest common divisor of 20 and i.
10
Suppose 0*l - 3*l = 0. Suppose -5*o + 12 + 33 = l. What is the highest common divisor of 9 and o?
9
Let u be 1 + (0/3)/(-1). Let s be 8/10*u*-5. Let y be ((-14)/s)/(2/20). Calculate the highest common divisor of 7 and y.
7
Let j = 42 + -27. Calculate the greatest common divisor of 6 and j.
3
Suppose 2*j = -n - 2*n + 42, -3*j + 2*n = -37. Let p = -9 + 6. Let h be 90*(p + (-14)/(-4)). Calculate the greatest com